-8) a composite number?
False
Let a = 17 - 14. Suppose 0 = a*i - i - 134. Suppose 0*z + i = z. Is z composite?
False
Let u be 2 - 12/(4/(-1)). Suppose -u*b - 101 = -0*b + s, -5*b - 97 = -3*s. Is (5802/(-4))/(30/b) a composite number?
False
Suppose 131*n = 27*n + 664872. Is n a prime number?
False
Let g = 1 - -2. Let f be ((-2)/g)/(2/732). Is (7 + f)*2/(-6) prime?
True
Let t(x) = x - 4. Let z be t(4). Suppose -3*h - 144 = -5*h. Suppose m - h + 13 = z. Is m a composite number?
False
Suppose -a + 26895 = 3*f, -a - a - 17938 = -2*f. Is f a prime number?
False
Suppose -3*k + 0*k + 173697 = 3*w, w + 5*k = 57899. Is w composite?
False
Suppose -3*k - 2 - 7 = 0. Is (k/21)/(10/(-35))*5062 a prime number?
True
Let j(o) = -9*o**3 - 23*o**2 - 9*o - 9. Let u(q) = 5*q**3 + 12*q**2 + 5*q + 4. Let w(z) = 6*j(z) + 11*u(z). Let r = 8 - 1. Is w(r) composite?
True
Let z = 4055 + 23540. Is z composite?
True
Let u(j) = -j**2 - 3*j + 119. Suppose 0 = -0*o - 3*o. Suppose 0 = -q + 5, o = -2*h + 5*q - 10*q + 25. Is u(h) prime?
False
Let g = -530 - -3043. Let j = -1662 + g. Is j a composite number?
True
Suppose -12*n = -99745 - 67811. Is n a composite number?
False
Let t = -2014 - -3890. Suppose 8*m + t = 12*m. Is m prime?
False
Suppose 7*i = 2*i + 11730. Is i/2 - (8 - 4) prime?
False
Suppose -4*l = -2*x - 5*l + 2244, -4*l + 2250 = 2*x. Is x a prime number?
False
Let c = -68 - -73. Is 2775/c + (-6)/(3/(-1)) a prime number?
True
Let w(c) = 599*c**3 - c**2 - 8*c + 11. Is w(3) a composite number?
True
Suppose 6*w - 12 = 42. Is (w/(-6) - -2)*1574 + 2 composite?
True
Suppose -5*s + 8*s = 13899. Let g = s - 846. Is g a prime number?
False
Let q be (-15240)/9 - (35/15)/(-7). Let g = q + 2760. Is g a prime number?
False
Let f(l) = l**3 + 6*l**2 - 2*l - 8. Let g be (-5)/(-20) + (-25)/4. Let u be f(g). Suppose u*j - 1591 = -a, 2*a - 383 = -2*j + 417. Is j a composite number?
False
Suppose 5*g = -25, 2*p - 20 = -3*p + 2*g. Let y be (-3)/(-8) - 111/48*-2. Suppose p*t + 2*t + a = 495, -y*t + 624 = 3*a. Is t a composite number?
True
Let t be (1/2)/(23025/5756 + -4). Is t/10 - 28/35 a composite number?
True
Suppose -6*j - 10 = -11*j. Let y(s) = s + 12*s**j + 4 - 5*s + s. Is y(-5) a prime number?
False
Suppose 25872 = 4*f - 2*y, 9*f - 2*y = 10*f - 6473. Is f a prime number?
True
Is 4/(-14) + ((-27794)/(-14) - 6) a composite number?
False
Suppose -3*k + 2021 = -1072. Suppose 3*i + i + d - k = 0, -12 = -4*d. Is i a composite number?
False
Is (1 + (-19847 - (-5 - 0)))/(-1) a composite number?
False
Suppose 0 = 10*o - 137 - 43. Let n(c) = c**3 - 18*c**2 + 19*c - 16. Is n(o) a composite number?
True
Let a(c) = 3*c**2 + 3*c - 4. Let q be a(-2). Is 4/q - (-1 - 6 - 146) a composite number?
True
Suppose -13*s = -11347 - 3070. Is s a prime number?
True
Suppose -5*b = 5*n - 4*n + 30, -5*n = 0. Let d be 112*((-75)/b)/5. Let c = d - 69. Is c a prime number?
True
Let t(g) = -3*g**3 - 10*g**2 + 4*g + 50. Is t(-11) composite?
False
Suppose 13*f + 42 = 10*f. Let d = f + 16. Is d/(-1 + 69/67) a prime number?
True
Suppose 0 = 5*a - 4*m - 55, 5*m + 34 = 2*a + m. Let n be 0 - 0/(-4 + a). Suppose l = -n*l + 163. Is l composite?
False
Suppose 5*v = v - 3*r + 3, 0 = 4*v - 5*r + 5. Suppose 4*k - 2*z - z = 1, v = -k + 5*z - 21. Let u(t) = 115*t + 13. Is u(k) a composite number?
True
Let g = 15 + -11. Suppose 5*b - 3*m = 0, 3*b - g*m + 3 = -8. Suppose -76 = -5*c + b*w, -5*c - 2*w + 27 = -39. Is c composite?
True
Let l = 3970 - 5592. Let d = 2691 + l. Is d a prime number?
True
Suppose -2*i = -5*q + 80911, -5*i + 125662 = 5*q + 44737. Is q prime?
True
Let l = 60 + -64. Is 4167 - (l/(-6) - (-8)/(-3)) prime?
False
Let i(s) = 2016*s**3 + s**2 + 7*s - 31. Is i(4) prime?
True
Let f = -2 - -2. Let x = f - -6. Suppose -x*i = -i - 485. Is i composite?
False
Let s(x) = 5*x**3 + 11*x**2 - 17*x - 13. Is s(6) a composite number?
False
Let d be 262/(1/((-2)/4)). Let o = -71 - d. Let w = o - 25. Is w composite?
True
Suppose g + 3*d - 23 = d, 3*d = -g + 23. Suppose -g*q = -26*q + 153. Is q composite?
True
Let f = -640 - 908. Let y = 3677 + f. Is y composite?
False
Let l be 12/10*30/12 - -5. Suppose 0 = l*m + 2*m - 16550. Is m composite?
True
Let r(j) = -10*j**2 - 2*j + 2. Let i be r(-2). Let o be (195/(-10))/(1/i). Let d = o + -398. Is d prime?
False
Suppose -13*v = 3*p - 11*v - 22205, -37013 = -5*p - v. Is p a prime number?
False
Let s = 7216 + -4743. Is s a prime number?
True
Suppose 3*x + 3*s - 6 = -0*x, 4*s = -2*x. Suppose 2*l + 2 = -4*t, -x*l - 35 = -5*t - 5. Is (388/l)/((-8)/20) prime?
False
Suppose -5*u + 18 = -2*u. Suppose -9*w + u*w - 330 = 0. Let l = w + 232. Is l a prime number?
False
Suppose -3*t + 2*a - 3*a + 8693 = 0, 3*t - 8683 = 4*a. Is t a prime number?
True
Let o(a) = 9*a - 3. Let z be o(-1). Let t = z - -15. Suppose p = -t*p + 596. Is p prime?
True
Let q = 30 - 20. Let s = 13 - q. Suppose s*y - 178 = y. Is y a prime number?
True
Suppose -5*t - z - 53 = -0*t, -32 = 2*t + 4*z. Is (4 - t/(-4))/(3/894) a composite number?
True
Suppose -12*w = 9*w - 23121. Is w composite?
True
Let h(c) = 3*c**2 + 30*c - 482. Is h(-81) prime?
False
Is (4512794/65 - (-3)/(-5))*1 a composite number?
False
Let g(z) = 3*z**3 + 2*z**2 + 5*z - 2. Suppose 2*p - 9 = -p. Let d be g(p). Let c = d - 27. Is c a composite number?
True
Suppose 0 = 4*z + 3*t - 9, -z - 6 = -2*z - 2*t. Suppose z = 2*k + 42 - 832. Is k prime?
False
Is (-15 - -28)/((-2)/(-26)) prime?
False
Let k(q) be the third derivative of -q**6/120 - 7*q**5/30 + 11*q**4/12 + 8*q**3/3 + 8*q**2. Is k(-17) a prime number?
True
Suppose 5*y + 33 = 3*z, 38 = 3*z - z + 2*y. Let d = 756 - z. Suppose d = -10*k + 14*k. Is k a prime number?
False
Let d = 34953 + -19762. Is d a prime number?
False
Let i(d) = -2*d - 5. Suppose 7 + 13 = -4*v. Let p be i(v). Suppose -3*b - 3*y = -207 - 27, -p*y = 4*b - 311. Is b prime?
True
Suppose -161 = 15*d + 2989. Let g(c) = 11*c**3 + 4*c**2 + 4. Let f be g(3). Let k = f + d. Is k prime?
True
Suppose -4 = -4*m, -5*z + 474 = 3*m - 4*m. Suppose -z = h - 330. Is h prime?
False
Suppose -9 + 3 = -3*s. Let j(h) = -75*h + 3. Let k(a) = -a + 1. Let x(v) = -j(v) - 2*k(v). Is x(s) a composite number?
False
Let j(q) = 8*q - 17. Let k be j(18). Suppose s = -4*i - 12 + 70, 2*s - 4*i = 56. Let l = k - s. Is l a prime number?
True
Let l(y) = -108*y**3 - 7 + 4*y + 0*y**2 - 2*y**2 + 109*y**3. Is l(6) composite?
True
Suppose -30 = -3*f - 3. Suppose 2*a = 6*a - 12. Is 12/f + 101/a prime?
False
Suppose 0 = -z + 9 + 3. Let x(a) = -a**3 + 15*a**2 - 11*a - 7. Is x(z) a composite number?
False
Suppose -2*s = -3*z + 13, 8*z - 6*z - 12 = 3*s. Is (12/8)/(z/794) prime?
True
Let p = 3545 + -2219. Let d = -785 + p. Is d a composite number?
False
Suppose -7*c - 4*c = -56837. Is c prime?
True
Let n(x) = 9*x**2 + 13*x + 9. Let z be (1/3)/((-4)/84). Is n(z) a composite number?
False
Suppose -46*v = -39*v - 43799. Is v composite?
False
Let q = -4 + 8. Is (1/q + 0)*2228 a composite number?
False
Let h = -19 + 19. Suppose 6*f - 614 - 958 = h. Let c = f - -39. Is c a composite number?
True
Let c(s) = -2*s**3 - 12*s**2 - 21*s + 10. Let u be c(-10). Let v = -185 + u. Is v a composite number?
True
Let n = -629 + 1762. Is n a prime number?
False
Is 54346/10 - (69/15 + -5) a prime number?
False
Let f(z) = 79*z**3 - 4*z**2 - 2*z + 2. Let k be f(3). Suppose 411 = i + 3*l + l, -l = 5*i - k. Is i composite?
False
Let l = 17 + -23. Let b be ((-30)/20)/(l/(-88)). Is (-554)/b - 14/77 a prime number?
False
Suppose -3*c = -0*c + 4*q - 14583, 0 = -4*c - 3*q + 19444. Is c a prime number?
True
Suppose -9786 = -2*z - 4*v + 8*v, -4*v + 24437 = 5*z. Is z composite?
False
Suppose -6*i + 3*i + 153201 = 0. Is i composite?
True
Let z be (15/2)/5*16/(-12). Is 4 + 17784/16 + 1/z composite?
True
Let q = 199 - 54. Suppose 0 = u - 972 - q. Is u prime?
True
Let n = 2636 + 3987. Is n a prime number?
False
Let r = -29176 - -53207. Is r a prime number?
False
Suppose -2*u - 3*w + 8*w = -5345, 3*w + 13315 = 5*u. Suppose -u = -5*t + 10*t. Is t/(-6) - (-2)/6 composite?
False
Suppose -53 = -5*p + 17. Let c be p/(-21) + (-2)/(-3). Suppose c = 2*i - 409 - 313. Is i composite?
True
Let z(j) = -j**3 + 23*j**2 - 5*j - 17. Let g be z(9). Suppose -5*r = -2*k - 3507, -2*k - g - 332 = -2*r. Is r a composite number?
False
Suppose -43*h + 1